number?
True
Is 6099659 a prime number?
True
Is 2062927 a composite number?
True
Is 41259157 prime?
False
Is 66913823 composite?
False
Is 14732701 composite?
False
Is 1813457 composite?
True
Is 1124960127 a prime number?
False
Is 116705767 a composite number?
False
Is 11099077 a prime number?
False
Is 28544443 a prime number?
True
Is 19393259 a composite number?
True
Is 239430899 a prime number?
True
Is 1425707 a prime number?
True
Is 240131 a prime number?
True
Is 5131141 prime?
True
Is 226003813 prime?
False
Is 278592757 prime?
True
Is 2652121 a composite number?
True
Is 224071447 prime?
False
Is 148685917 a composite number?
True
Is 48897907 prime?
False
Is 10060343 a composite number?
False
Is 4263871 composite?
True
Is 18559811 prime?
True
Is 22116349 prime?
False
Is 246720827 a prime number?
True
Is 626993 composite?
True
Is 3246611 a prime number?
False
Is 8284499 prime?
False
Is 5493251 a prime number?
False
Is 43278113 composite?
False
Is 2825141 a prime number?
False
Is 22555006 composite?
True
Is 4351097 a composite number?
True
Is 392201 composite?
False
Is 1773919 prime?
False
Is 47903587 composite?
True
Is 76058413 prime?
True
Is 29056539 a composite number?
True
Is 42193 prime?
True
Is 3713441 a prime number?
True
Is 186326123 a composite number?
False
Is 137705951 composite?
True
Is 36922403 prime?
False
Is 59360179 composite?
False
Is 25422011 a composite number?
True
Is 14302867 a composite number?
True
Is 4538189 composite?
True
Is 927247 a prime number?
False
Is 97202177 composite?
False
Is 1837841 prime?
False
Is 61214402 a composite number?
True
Is 903465271 a composite number?
True
Is 20770861 composite?
False
Is 2876329 composite?
False
Is 214429979 composite?
False
Is 16769897 a prime number?
True
Is 24973171 a composite number?
False
Is 405029 composite?
False
Is 12647531 composite?
True
Is 320632685 composite?
True
Is 8656919 a composite number?
False
Is 227822353 a prime number?
False
Is 81125371 composite?
False
Is 254816413 a composite number?
False
Is 190499 a prime number?
False
Is 158498459 a composite number?
True
Is 859633 composite?
False
Is 15019705 prime?
False
Is 140747639 a composite number?
False
Is 29352179 a prime number?
True
Is 9296251 a prime number?
True
Is 5283253 composite?
False
Is 10020377 a prime number?
False
Is 500768987 a prime number?
False
Is 17870491 a prime number?
True
Is 33508259 a prime number?
False
Is 1589281 a composite number?
False
Is 10907719 a prime number?
False
Is 430696771 a composite number?
False
Is 9846397 prime?
False
Is 167906563 a prime number?
False
Is 2986859 composite?
False
Is 19628501 a prime number?
False
Is 149251161 a composite number?
True
Is 11138119 prime?
False
Is 3525961 prime?
True
Is 13979843 composite?
False
Is 579952907 a composite number?
False
Is 8548745 prime?
False
Is 207931183 a prime number?
False
Is 4254141 composite?
True
Is 1179901 composite?
False
Is 957089 a prime number?
False
Is 219979679 composite?
False
Is 72512819 composite?
False
Is 2852581 a prime number?
True
Is 289213969 prime?
False
Is 2552861 composite?
False
Is 3503473 prime?
True
Is 885623 a composite number?
False
Is 14642087 a prime number?
False
Is 2712317 composite?
False
Is 11325187 a prime number?
True
Is 18566393 a composite number?
True
Is 13315177 prime?
True
Is 21122641 a prime number?
True
Is 12386191 composite?
False
Is 3298301 composite?
True
Is 309242443 a composite number?
False
Is 1963799 a prime number?
True
Is 1152247 prime?
False
Is 22316111 prime?
False
Is 3528071 prime?
False
Is 122709089 composite?
False
Is 94583869 a composite number?
True
Is 1221487 a composite number?
True
Is 2590703 a composite number?
True
Is 7720066 a composite number?
True
Is 7733221 a composite number?
True
Is 800433199 a composite number?
True
Is 126583 composite?
False
Is 54069251 prime?
False
Is 75224417 a prime number?
False
Is 3967 a composite number?
False
Is 1212209 composite?
True
Is 158447407 a prime number?
True
Is 15577423 a prime number?
False
Is 5823847 prime?
False
Is 8165171 composite?
True
Is 544451627 a prime number?
True
Is 643165961 a composite number?
True
Is 5380699 prime?
True
Is 218609 composite?
True
Is 2457655 prime?
False
Is 66507979 a composite number?
False
Is 22136507 a prime number?
False
Is 43368901 a prime number?
False
Is 9624961 a prime number?
True
Is 84516745 a composite number?
True
Is 864727 a composite number?
True
Is 18089783 a composite number?
True
Is 6933041 a prime number?
True
Is 59298089 prime?
False
Is 204937 a prime number?
False
Is 2999167 a prime number?
True
Is 88251151 composite?
True
Is 1062442769 a composite number?
False
Is 721818631 prime?
True
Is 16818307 composite?
True
Is 3501403 a composite number?
True
Is 14130997 composite?
True
Is 7052483 a composite number?
False
Is 101172167 a composite number?
False
Is 42787141 prime?
False
Is 4209349 a prime number?
True
Is 2072527 a composite number?
False
Is 692807 prime?
False
Is 19313209 prime?
False
Is 4402901 a prime number?
False
Is 38220757 a composite number?
False
Is 181603 a prime number?
True
Is 32539603 a composite number?
True
Is 23354673 composite?
True
Is 46182197 composite?
False
Is 8016509 prime?
False
Is 17507849 prime?
True
Is 15703537 a composite number?
False
Is 22687727 composite?
False
Is 205913 composite?
False
Is 67685749 a composite number?
True
Is 7531981 a prime number?
False
Is 433238933 a composite number?
False
Is 57444351 a composite number?
True
Is 6079351 composite?
False
Is 5504897 composite?
True
Is 3460883 prime?
True
Is 748261342 a composite number?
True
Is 3611711 a prime number?
True
Is 30881407 a prime number?
True
Is 602389643 composite?
False
Is 362005129 composite?
False
Is 26629817 prime?
True
Is 31835623 a composite number?
False
Is 5771501 a composite number?
False
Is 42152017 a composite number?
False
Is 1057739 prime?
True
Is 1282844731 a prime number?
False
Is 1019119 prime?
True
Is 23947483 prime?
False
Is 14242355 prime?
False
Is 3333373 prime?
True
Is 324218 composite?
True
Is 1024297 prime?
False
Is 6949457 a composite number?
False
Is 19877861 a composite number?
False
Is 391216303 a prime number?
True
Is 84522043 composite?
True
Is 328185367 a prime number?
False
Is 435497749 prime?
True
Is 3367609 composite?
True
Is 846037 composite?
False
Is 963044206 prime?
False
Is 3584089 prime?
True
Is 10848889 prime?
True
Is 117912259 a prime number?
True
Is 6630319 a composite number?
False
Is 1918127 a prime number?
False
Is 19718293 a prime number?
False
Is 439060927 composite?
True
Is 3192919 prime?
True
Is 8613551 a prime number?
False
Is 15622091 composite?
False
Is 29199473 a prime number?
False
Is 254117 prime?
False
Is 21590201 a composite number?
False
Is 56295893 prime?
True
Is 285963771 a composite number?
True
Is 9382174 composite?
True
Is 1866049 composite?
False
Is 145427 composite?
True
Is 1018202087 a prime number?
False
Is 6396569 composite?
False
Is 36556237 a composite number?
False
Is 682667 composite?
True
Is 8666381 prime?
True
Is 11326589 a composite number?
False
Is 132908645 composite?
True
Is 10825259 a composite number?
False
Is 12957123 prime?
False
Is 8481101 composite?
False
Is 256097 a prime number?
False
Is 1921247 composite?
False
Is 24455117 prime?
True
Is 6848291 composite?
False
Is 3236621 composite?
False
Is 1683547 a prime number?
False
Is 3959459 composite?
True
Is 54443797 composite?
True
Is 4653287 a prime number?
True
Is 3210745 a composite number?
True
Is 2904323 a prime number?
True
Is 1976197 a prime number?
True
Is 44396641 prime?
True
Is 573839011 a composite number?
False
Is 21932459 prime?
True
Is 48169013 a prime number?
False
Is 17111369 composite?
True
Is 17265049 a prime number?
False
Is 1856797 a composite number?
True
Is 48918601 a composite number?
False
Is 114573127 prime?
False
Is 98473331 prime?
False
Is 13011697 composite?
False
Is 3864323 a composite number?
True
Is 3725131 a composite number?
True
Is 44204291 prime?
True
Is 52759577 prime?
False
Is 73691873 a prime number?
True
Is 4418171 composite?
False
Is 8687723 a prime number?
False
Is 91071481 prime?
True
Is 1192411 prime?
False
Is 1462001 composite?
False
Is 33918733 composite?
True
Is 6891865 a composite number